 What is the remainder when 13963 is divided by n(24)?
19
Suppose 3*g = -2*o + 370, -76*o - 9*g - 418 = -78*o. Calculate the remainder when o is divided by 28.
23
Let o = 12 - 9. Let k = -34 - -37. Suppose -k*g - 2*l = -21, g + g - 14 = 3*l. Calculate the remainder when g is divided by o.
1
Calculate the remainder when 72 is divided by (-2358)/(-131)*(-2)/(-4).
0
Let z = -36 + 44. What is the remainder when z + -8 + (116 - 3) is divided by (9 + 0)*(-20)/(-6)?
23
Calculate the remainder when 503 is divided by 124/93*9/6 + 122.
7
Let q(k) = -3 - 2 - 2*k**2 - 2*k + 1. Let a be q(-4). Let t = a + 43. What is the remainder when 74 is divided by t?
14
What is the remainder when (233 - -1)*(-36 + 3220/84) is divided by 29?
24
Let v = 397 - 362. Suppose -j = -4, 0*t - 5*t + 5*j + v = 0. Let g(d) = d**2 - 3*d - 3. Calculate the remainder when t is divided by g(-2).
4
Let s = -161 + 250. Suppose -117 = -6*q + 21. Suppose 12*r = -q + 299. Calculate the remainder when s is divided by r.
20
Suppose -f - 231 = -5*f + 481. Suppose 2*a - 55 = -27. Calculate the remainder when f is divided by a.
10
Suppose 4*r = 9*r - 25. Suppose r*l - 82 = 268. Let y(k) = k**3 - 8*k**2 + 25*k - 108. What is the remainder when l is divided by y(7)?
16
Suppose 0 = -5*u + y + 848, -5*u + 191*y - 193*y = -869. Calculate the remainder when 437 is divided by u.
95
Let k(z) = z**2 - 4*z - 7. Let r = -112 + 116. Suppose -r*q + 4 = 0, 2*x - 54 = 5*q - 29. Calculate the remainder when k(-7) is divided by x.
10
Suppose -2*k + 2*x + 37 = -17, k = -x + 13. Suppose 0 = -0*a + 4*a - 396. What is the remainder when a is divided by k?
19
Suppose 69 + 86 = 5*q. Suppose 0 = -3*y - v + 261 + 86, -3*y - 3*v = -345. What is the remainder when y is divided by q?
23
Let r(d) = -4*d - 129. Suppose -c - 198 = -4*p - 3*c, 4*p - 2*c = 194. What is the remainder when p is divided by r(-36)?
4
Let u = -217 - -217. Suppose -4*d + 7*i + 84 = 5*i, 5*i - 20 = u. What is the remainder when 390 is divided by d?
22
Let q(s) = -11*s + 288. Calculate the remainder when q(0) is divided by 148.
140
Calculate the remainder when 1002 is divided by 16/9 + -2 - 3630/(-54).
64
Let z(u) = -2*u**3 - u**2 + 24*u + 478. Calculate the remainder when z(-11) is divided by 106.
105
Let d = -17 + 125. Let h(i) = 2*i + 70. Calculate the remainder when d is divided by h(-6).
50
Suppose 33*n + 715 = 2*n + 2389. Calculate the remainder when 78 is divided by n.
24
Suppose -4*a + 7*a + 2940 = 13*a. Calculate the remainder when 898 is divided by a.
16
Let f = 1524 + -1476. Suppose 0 = -5*i - u + 1146, -2*u - 616 = -3*i + 82. Calculate the remainder when i is divided by f.
38
Suppose 231059 - 13130 = 323*o - 81492. What is the remainder when o is divided by 228?
15
Calculate the remainder when 245 is divided by ((-2464)/770*-5*-1*4)/(-1).
53
What is the remainder when 420 is divided by ((-2)/11)/(176/(-41624))?
33
Let u = -8401 - -10558. Calculate the remainder when u is divided by 13.
12
Suppose 2*c = -4*g + 2604, 0 = g + 693*c - 694*c - 639. Let t = -49 + 73. What is the remainder when g is divided by t?
23
Suppose -3*k = 2*z - 413, -4*k - 110*z = -107*z - 553. What is the remainder when k is divided by 31?
9
Suppose 292 + 420 = 22*t + 52. What is the remainder when 46 is divided by t?
16
Let f(c) = 2*c**2 - 59*c + 147. What is the remainder when f(29) is divided by (0 - -8)*3/1?
22
Let h = -148 - -159. Let b = -14 + h. What is the remainder when (-2 + 195/b)*8/(-4) is divided by 34?
32
Suppose 0 = 2*h - b - 8, 5*b = -5 - 5. Calculate the remainder when 7/((-14)/(-8)) - (-34 + -6) is divided by (70/21)/(-2*(-1)/h).
4
Let a(v) = -v**3 - 4*v**2 + 7*v - 6. Let b(f) = f**3. Let d(s) = a(s) + 2*b(s). Let q be d(5). Let p = -33 + q. Calculate the remainder when 41 is divided by p.
20
Let f(s) = 11*s + 221. What is the remainder when f(31) is divided by 47?
45
Let o(i) = 10*i**2 - 5 + 12*i + 53 - 2*i**2. What is the remainder when o(-3) is divided by 44?
40
Suppose 3*a + 15 = 6, 5*r - 5*a + 1420 = 0. Let k = r - -324. What is the remainder when 56 is divided by k?
19
Let o = -127 + 127. Suppose -4*i - u + 388 = o, -3*i + 380 = -5*u + 66. Calculate the remainder when i is divided by 33.
32
Let t = -18246 - -25811. What is the remainder when t is divided by 87?
83
Suppose 396 = 29*b + 4*b. Suppose 2*k + 3*n = 30, k + 4 - 19 = -2*n. What is the remainder when k is divided by b?
3
Suppose 0 = 104*o - 67*o - 3108. What is the remainder when 1171 is divided by o?
79
Suppose 2*u - 2*g - 27 = u, -4*u - 2*g + 118 = 0. Let h(k) = -173*k**2 - 1556*k + 24. Calculate the remainder when u is divided by h(-9).
14
Let h(u) = u**3 + 14*u**2 - 28*u + 148. Calculate the remainder when h(-16) is divided by 55.
29
Let d(y) = -3*y**2 - 29*y - 22. Calculate the remainder when d(-4) is divided by 35.
11
Suppose -8*n = -0 - 16. Suppose 3*q - w - 21 = 0, -q + w + n*w = 1. Let b(x) = 4*x**3 - 13*x**2 - x - 8. Calculate the remainder when b(4) is divided by q.
4
Suppose -4*p - f = -2357, -260 + 2620 = 4*p + 4*f. Let i = 638 - p. Calculate the remainder when 146 is divided by i.
48
Let r = -6258 + 6266. What is the remainder when 630 is divided by r?
6
Let u = 299 - 151. Suppose 4*q = 0, -13*p + 692 = -9*p + 4*q. Suppose c + 135 = p. What is the remainder when u is divided by c?
34
Suppose 5*m - 3*h - 14 = 63, -2*m + 2*h + 34 = 0. Let k(z) = 3*z**2 + 31*z - 171. Suppose 450*w + 80 = 466*w. What is the remainder when k(w) is divided by m?
7
Let j(r) = 3*r**2 + 29*r - 8. Let a be j(-10). Suppose -5*d - a = g, 0 = 2*g + 3*d + 2 + 2. Calculate the remainder when (-57 + 5)*g/4 is divided by 14.
12
Let u(p) = 2*p**3 - 4*p**2 + 2*p + 2. Let n be u(2). Suppose -n*q + 3*q + 3 = 0. Calculate the remainder when q/3*(50 - 23) is divided by 2.
1
Let g(z) = 327*z + 11. What is the remainder when g(1) is divided by 8?
2
Suppose 0 = 17*l + 83 - 7000 + 1664. What is the remainder when l is divided by (-1)/4 - (-588)/48?
9
Suppose 3*b - 26 = 214. Suppose 51*a - b = 47*a. Suppose -k - j = 0, k - 4*k + a = -j. Calculate the remainder when 12 is divided by k.
2
Suppose 23*z - 6913 - 2847 = -99*z. What is the remainder when 1998 is divided by z?
78
Let d = -63 - -132. Suppose 4*n + d = 2*l + 241, l - 82 = -2*n. Calculate the remainder when 140 is divided by n.
14
Let a(q) = q**2 + 60*q - 1001. What is the remainder when a(26) is divided by 176?
3
Let o(c) = c**3 + 9*c**2 - 4*c - 7. Let f(s) = -s. Let x(p) = -4*f(p) - o(p). Let a be x(-10). Let v = 52 - a. Calculate the remainder when v is divided by 9.
7
Let q(t) = -t**2 + 35*t + 1. Suppose 3*i + 4*k = 85, -5*i = -9*i - 3*k + 111. Calculate the remainder when q(i) is divided by 55.
52
Suppose 0 = -2*o + 3*y + 78, -11*o = -13*o + 2*y + 82. Calculate the remainder when o is divided by 8.
5
Let i be 4 + -1*(-10)/(-5). What is the remainder when 180 is divided by 25/i + 19/38?
11
Let l(g) = 2*g**3 + 20*g**2 - 24*g + 5. Let p(i) = 24*i - 20. What is the remainder when p(3) is divided by l(-11)?
25
Suppose -4*h + 5*m = 11 - 71, -15 = -h - 4*m. Let g(t) = 3*t**2 - t - 9. What is the remainder when g(5) is divided by ((-63)/(-105))/(1/h)?
7
Let j = -2339 - -2436. Calculate the remainder when 378 is divided by j.
87
Let o(u) = 3*u**2 + 51*u - 515. What is the remainder when o(10) is divided by 151?
144
Suppose -i - 8*i + 729 = 18*i. What is the remainder when 40 is divided by i?
13
Let h(u) = 7*u + 219. Let c(d) = 13*d + 157. Let z be c(-14). What is the remainder when h(z) is divided by 36?
8
Let a be -107*(-1)/(-3)*315/(-15). Suppose -a = 2*q - 6*q - 5*w, 0 = -q - 4*w + 201. Calculate the remainder when q is divided by 3.
1
Let z = 4078 - 3987. What is the remainder when z is divided by 20?
11
Suppose -11260 = 385*d - 405*d. What is the remainder when 2830 is divided by d?
15
Let i(y) = -y**3 + 8*y**2 + 11*y - 35. Calculate the remainder when 1347 is divided by i(-4).
104
Suppose 86*a - 399 = 29*a. Let l(z) = -z + 14. Let o be l(-11). Let h = 1 + o. Calculate the remainder when h is divided by a.
5
Let a = -31011 + 31015. What is the remainder when 9408 is divided by a?
0
Suppose 11*y - 840 = 315. Calculate the remainder when y is divided by 96.
9
Let q be 6/(-9)*18/(-12) - -1. Suppose 0 = -4*j + 12, q*b - 5*j + 8*j - 51 = 0. What is the remain